)/(-2)) + f?
3, 5
Let b = 9 + -6. Let q = b - 0. Suppose -3*r = -j - 29, -49 = -0*r - q*r + 5*j. What are the prime factors of r?
2
Suppose 82 - 28 = 3*g. Let b(i) = 2*i - 1. Let a be b(2). Suppose 0 = 2*p + 3*r - g - 6, a*p + r - 29 = 0. What are the prime factors of p?
3
Let o = -130 + 422. What are the prime factors of o?
2, 73
Let f = -3 - -9. Let q be (-8)/6*f/(-4). Suppose -j + q = 5, 5*n = 5*j + 65. What are the prime factors of n?
2, 5
Suppose 0 = h - 5*a, -3*h - 2*a + 54 = 2*h. Suppose v + h = 27. List the prime factors of v.
17
Suppose -4*a = k - 3*k - 84, 4*a - 3*k - 82 = 0. List the prime factors of a.
2, 11
Let k be (3/2)/(1/(-2)). Let h = k + 6. Suppose -4*r = q - 47, -2*r = -0*r - h*q - 13. What are the prime factors of r?
11
Let v(s) = s + 5. Let h be v(-5). Suppose -10 = -h*k - 5*k. Suppose -k - 54 = -4*n. What are the prime factors of n?
2, 7
Suppose -f - 5*b = -70, -3*b = -3*f - b + 125. What are the prime factors of f?
3, 5
Suppose y - 5 = -1. Suppose k + 10 = 6*k, -3*v + y*k = 17. What are the prime factors of (-2)/v + 52/12?
5
Let w(y) = 12*y**2 - y + 1. What are the prime factors of w(1)?
2, 3
Let y be (-1 + (11 - 2))*1. Suppose t = y + 20. What are the prime factors of t?
2, 7
Let t = -9 - -4. Let p(d) = -d**2 - 6*d + 4. Let j be p(t). What are the prime factors of 3*(-6)/j - -4?
2
Let p(h) = -h**2 + h + 7. Let t be p(0). Suppose 7 = 3*z - b - 6, -z + t = -b. Let l(x) = -x**3 + 2*x**2 + 4*x. List the prime factors of l(z).
3
Let x(h) be the second derivative of -h**4/12 - 2*h**3/3 + 7*h**2/2 + 3*h. List the prime factors of x(-5).
2
Let o = -9 - -13. Suppose 5*t = o*t + 6. What are the prime factors of t?
2, 3
Let m(o) be the third derivative of o**4/12 - o**3/6 - 3*o**2. What are the prime factors of m(4)?
7
Let b(j) = j**3 - 7*j**2 + j - 5. List the prime factors of b(7).
2
What are the prime factors of -2*6/(-24)*(-106)/(-1)?
53
Suppose 2*c + c - 9 = 0. Suppose c*b - 30 = -2*b. What are the prime factors of b?
2, 3
Suppose -4*q = -8, -q = -3*w - 0*q + 67. List the prime factors of w.
23
Suppose -4*x = 2*m - 28, -2*m + 6*m = -3*x + 81. Let b = m - -2. List the prime factors of b/6 + (-1)/3.
2
Let n be (6/(-4))/(6/(-8)). Suppose w + 5*v + 34 = 4*w, -n*v = -5*w + 25. Suppose 2*f + 2 = -2, 0 = 3*s + w*f - 3. List the prime factors of s.
3
Suppose 3*n + y = 33, 4*n - n = 4*y + 18. Suppose 0 = t + 2*t - 30. What are the prime factors of (36/t)/(3/n)?
2, 3
Let r(m) = m**2 - 15*m + 11. What are the prime factors of r(15)?
11
Let p = 12 + -12. Suppose 2*n - 12 = -p*n. What are the prime factors of n?
2, 3
Let q = 39 + -15. List the prime factors of ((-6)/(-1))/(q/64).
2
Suppose -3*b = -4*t - 45, -5*b = -4*t - 28 - 47. Let c = b - 25. What are the prime factors of c/(-4) - 1/2?
2
Let s(j) = j**3 + 5*j**2 - 7*j + 4. Let t = -19 - -13. Let n be s(t). Suppose -3*f + n = -2*f. What are the prime factors of f?
2, 5
List the prime factors of ((-2)/4)/(2/(-48)).
2, 3
Suppose -4 = a + 3*b, 1 = 4*a + 3*b - 1. Let s be a/4 - 25/(-2). Let f = s + -1. List the prime factors of f.
2, 3
Let p be 204/(-8)*4/(-6). Suppose p = 4*x - 35. List the prime factors of x.
13
Let y(r) be the second derivative of -r**5/20 + r**4/6 - r**3/6 + r**2 + 9*r. List the prime factors of y(-3).
2, 5
Let d be 3 + (1 - 4 - -14). List the prime factors of 4/d - 524/(-28).
19
Suppose 4*r - 34 = 278. List the prime factors of r.
2, 3, 13
Suppose -27 = -5*g - 7. Suppose -2*l = -g*k - 5*l + 21, 3*k - l = 32. What are the prime factors of k?
3
Suppose 0 = -6*m + 146 + 130. What are the prime factors of m?
2, 23
Suppose -3*f + 5*h - 5 = -82, f - h - 25 = 0. List the prime factors of f.
2, 3
Let u be (-3)/((-39)/18 - -2). Let b = u + -1. What are the prime factors of b?
17
Suppose -5*t + 40 = -825. List the prime factors of t.
173
Let z = -4 - 1. Let s = z + 9. List the prime factors of s.
2
Let x be 0 + (1*-15 - 0). Let d(n) = n - 2. Let b be d(-7). Let w = b - x. What are the prime factors of w?
2, 3
Let u be (-10)/(-6) + 2/(-3). Let g = 1 + u. Suppose -1 = -s + g. List the prime factors of s.
3
Let l(h) = h**2 - 3*h + 2. What are the prime factors of l(4)?
2, 3
Suppose 0 = -p + 4. Suppose p*s - 5*s = 34. Let r = -12 - s. List the prime factors of r.
2, 11
Let k = 9 - 13. Let m = 5 - k. List the prime factors of m.
3
Let f(q) = -q**2 - 3*q + 1. Let a be f(-6). Let l = -25 - a. Let k = l + 13. What are the prime factors of k?
5
Let l be ((-15)/(-9))/(2/6). Suppose -l*h - 47 + 117 = 0. Suppose h + 0 = 2*f. List the prime factors of f.
7
Let l(o) be the first derivative of o**4/4 - 5*o**3/3 - 3*o**2 - 3*o + 3. Let c be l(6). Let w = c - -14. List the prime factors of w.
11
Suppose 312 = 6*q + 72. What are the prime factors of q?
2, 5
Let f = 30 + 5. What are the prime factors of f?
5, 7
Let i be (-2)/((-1*2)/2). Suppose 4*p - 18 = i*p. What are the prime factors of p?
3
Let o = -3 - -45. List the prime factors of o.
2, 3, 7
Suppose -g - 2*g - 15 = 0. What are the prime factors of g/(-2)*24/15?
2
Let u be (4*-2)/(-4 - -2). Suppose 44 = 4*m - u*p, m - 2*p = -3*m + 48. Let l = -5 + m. List the prime factors of l.
2
Let u(w) = 276*w**2 + 5*w - 1. What are the prime factors of u(1)?
2, 5, 7
Let h(t) = -t**2 + 5*t - 10. Let f be h(9). Let a(r) = 2*r**3 + 3*r**2 - r - 3. Let o be a(-3). Let c = o - f. What are the prime factors of c?
19
Let a(m) = -m**3 - 4*m**2 - 6*m - 6. List the prime factors of a(-4).
2, 3
Suppose 0 = a - 5*a. Suppose -3*k + 7*k = a. Suppose k = -4*o + 23 + 1. List the prime factors of o.
2, 3
What are the prime factors of (2/(-3))/(7/(-63))?
2, 3
Let d(r) be the first derivative of -r**2/2 + 17*r - 8. List the prime factors of d(14).
3
Let n = -50 - -94. Let o(a) = -a**3 - 3*a**2 + 4*a + 4. Let t be o(-4). Suppose 4*y - 20 = -t*d + 3*d, 3*d = -4*y + n. What are the prime factors of d?
2, 3
Let w be 6/(-27) - (-58)/18. Let x = 7 - w. What are the prime factors of x/(-18) + 101/9?
11
Let y(p) = -p**3 + 6*p**2 - 3*p - 1. Suppose 2*m + 4*w - 10 = 0, 0*w - 10 = -2*m + w. Let q be y(m). Let j = q + -5. What are the prime factors of j?
2
Let g(j) = -37*j - 36. What are the prime factors of g(-5)?
149
Let d(t) = -t**2 + 28*t - 47. What are the prime factors of d(14)?
149
Let a = 21 - 17. What are the prime factors of a?
2
Let b(r) = 3*r**2 - 4*r - 22. List the prime factors of b(7).
97
Let w(b) = b - 4. Let q be w(9). List the prime factors of (-6)/q*(-90)/4.
3
Suppose m + 0*m + 5*c = 7, 20 = 2*m + 4*c. Suppose -4*k = 2*v + 28, 0*k + k = 4*v + 11. Let r = k + m. What are the prime factors of r?
7
Let n be (12/(-2))/2 + 2. List the prime factors of n/6 - 330/(-36).
3
Suppose 348 = -0*q + 6*q. List the prime factors of q.
2, 29
Suppose -v = h - 5, 5*v + 2*h + 8 = 42. Suppose 4*f + v = 68. What are the prime factors of f?
3, 5
Suppose -2*f - 5*c - 17 = 0, 2*f - 4*f + 7 = -3*c. Suppose -6*r + 95 = -r. Let h = f + r. What are the prime factors of h?
2, 3
Let l(t) be the third derivative of t**6/120 + 11*t**5/60 - t**4/24 + 7*t**3/6 - 4*t**2. What are the prime factors of l(-11)?
2, 3
Let m(j) be the third derivative of j**5/30 - 5*j**4/12 - 2*j**3/3 + 2*j**2. Let t be m(8). Suppose -3*c + t = c. List the prime factors of c.
11
Let t(h) = h + 10. Let p be t(-7). Suppose 4*c + 0*c - 41 = -5*j, p*j - 2*c = 7. Let l = j - -2. List the prime factors of l.
7
Suppose -2*b - 3*u - 11 = 0, -7 - 17 = -2*b + 4*u. Suppose 0 = 3*x - b - 7. List the prime factors of x.
3
Suppose -14 = -3*c + 5*b + 53, 0 = -4*b + 4. Suppose 0*g + 2*g - 5*f + 32 = 0, -5*g - 18 = 3*f. List the prime factors of g/4*c/(-9).
2
Let c = 73 - 51. Let m = c - 13. List the prime factors of m.
3
Suppose -o = 4, 0 = 3*z - 3*o - 2*o - 134. Let a = -27 + z. List the prime factors of a.
11
What are the prime factors of (-308)/(-10) + 13/65?
31
Let i = -10 - -26. Suppose 2*t = 2*j + 16, 0*t - t + i = -5*j. List the prime factors of t.
2, 3
Suppose 3*l + 2*l = 90. Let n be (-358)/(-9) - (-4)/l. Suppose 0 = -3*t - t + n. What are the prime factors of t?
2, 5
Let z be -27*(0 + 1 + -2). Let s = 45 - z. Suppose s = 2*d + 2. List the prime factors of d.
2
Let f(u) = -5*u - 1. Let m(k) = 21*k + 5. Let o(p) = 9*f(p) + 2*m(p). Let h be (-64)/12 - (-2)/6. What are the prime factors of o(h)?
2
Suppose -4*y - 5*l + 23 + 93 